*f**2 - 2*f**2. Suppose -15 = -4*t - 3*h, 6 = 2*t + 3*h - 9. Let q = -2 + t. Give z(q).
4
Let g(t) be the third derivative of t**5/60 + t**4/24 - 5*t**3/6 + 8*t**2. Determine g(0).
-5
Let g(k) be the second derivative of k**4/12 - k**3/3 - 6*k + 1. Let p = 2 + 1. Let t be 17/4 - p/12. Calculate g(t).
8
Let f(u) be the first derivative of u**2 + 3*u + 11. What is f(-4)?
-5
Let p(k) = -5 + 3 - k + 3. Give p(1).
0
Let r(v) = -v**3 + 5*v**2 - 1. Suppose -20 = -2*b + 6. Suppose 0 = -j - 0*j + b. Let x = j - 8. What is r(x)?
-1
Let c(a) = -15*a**3 + 14*a**2 + 15*a + 2. Let f(k) = 7*k**3 - 7*k**2 - 7*k - 1. Let r(l) = -6*c(l) - 13*f(l). Calculate r(7).
8
Let n(b) = -5*b + 13. Let y(p) = p - 3. Let a(t) = -2*n(t) - 9*y(t). Let d(i) = -i**3 - 2*i**2 - 4. Let x be d(-3). Determine a(x).
6
Let y(m) be the second derivative of -m**5/4 + m**3/6 - 5*m. What is y(-1)?
4
Let f(y) be the second derivative of -y**4/3 + y**3/6 - y**2/2 - y. Let m(z) = -z**2 - 2*z + 4. Let w be m(-3). Determine f(w).
-4
Let v = -1 + 7. Let z(d) = 3070*d**2 - 3069*d**2 - 3 - 6*d + 7. Calculate z(v).
4
Let w = -4 + 1. Let c(i) = -2*i. Let j(n) = -n - 1. Let p(a) = w*j(a) + c(a). Suppose -9 = 2*s + s. Give p(s).
0
Let j(u) = 0*u - 3 + u - 2*u - 2. Determine j(0).
-5
Let t(y) = y**3 - 6*y**2 - 9*y + 5. Let b(k) = k + 17. Let c be b(-10). What is t(c)?
-9
Let w(u) = -3*u**2 + 2*u - 7*u + 5*u**2 - u**2. What is w(4)?
-4
Let o(j) be the first derivative of -j**6/120 - j**5/60 - j**4/24 + 2*j**3/3 + 2*j**2 + 4. Let d(m) be the second derivative of o(m). Give d(0).
4
Suppose 7 = -4*x + 15. Let s(j) = -2*j**2 + 6*j**x + 0*j - 1 - j + 2. Determine s(1).
4
Let u be (-4)/12 - 20/(-6). Let i(l) = -2*l - l**2 + 1 + 5*l**u + 3*l**2 - 4*l**3. Calculate i(-3).
-2
Let q(p) be the first derivative of -2*p**2 - 9*p + 1. Let y be q(-4). Let m(j) = j**3 - 6*j**2 - 6*j - 6. What is m(y)?
1
Let l = 0 + -3. Let c(t) = t**3 + 3*t**2 + 4*t - 7. Let f(h) = 2*h**3 + 2*h**2 + 5*h - 8. Let r(i) = l*c(i) + 2*f(i). Give r(5).
-5
Let l be (-10)/(-25) + (-12)/15*8. Let j(z) = -z - 1. Determine j(l).
5
Let k(u) = -14*u**2 + 18*u + 11. Let t(p) = -5*p**2 + 6*p + 4. Let f(b) = -6*k(b) + 17*t(b). Let o(j) = -j**2 + 6*j - 11. Let d be o(5). Calculate f(d).
2
Let r(j) = j**2 + 8*j + 6. Suppose 0 = -8*f - 1 - 47. Calculate r(f).
-6
Let a(t) = 1 - 1 - 1 - 2*t - 3*t. Let z be a(-1). Suppose 0 = z*n - 3*n - 6. Let k(c) = c - 12. Give k(n).
-6
Let d(y) = y**2 - y. Let p(k) = -5*k**2 + 6. Let h(f) = 6*d(f) + p(f). What is h(6)?
6
Let s be 12/(-4)*(0 + -1). Let h(y) = -y. Let m(n) = 8*n. Let u(o) = -24*h(o) - 2*m(o). Let d(t) = -t. Let a(q) = 18*d(q) + 2*u(q). Determine a(s).
-6
Let l be 1/(0 - (-2)/10). Let q be 24/l - 2/(-10). Let u(x) be the first derivative of x**4/4 - 5*x**3/3 - x**2/2 - 6*x + 1. Calculate u(q).
-11
Let s(u) = -3*u + 3. Suppose 5*i = -b + 14, -3*b = -4*i - 0*b - 4. Give s(i).
-3
Let n(m) be the second derivative of m**5/20 - 5*m**4/12 - 5*m**2/2 + m. Suppose 2*i = 3 + 5. Suppose -x = -i*b - 13, -2*b = -3*x + 2*b + 23. Give n(x).
-5
Let w(d) = d**3 + d + 1. Let c(p) = -43*p**2 + 2*p - 1. Let q be c(1). Let x(u) = -12*u**3 - 14*u - 14. Let o(k) = q*w(k) - 3*x(k). What is o(-1)?
6
Let w(j) = -5*j + 3. Let f(y) = 5*y - 4. Let o(q) = -2*f(q) - 3*w(q). Determine o(1).
4
Let o be 2 + (-3 + 28 - 2). Suppose 3*x - 5*x + 10 = -2*w, -5*x + o = 5*w. Suppose w = -0*j + 5*j. Let s(p) = -p**3 + 13. Calculate s(j).
13
Let p(u) = u**2 + 5*u - 7. Let t(s) = -2*s**2 - 4*s + 8. Suppose -h - 3*c - 3 = 2, 5*h = c - 9. Let n(j) = h*t(j) - 3*p(j). Let m = 21 + -16. What is n(m)?
-5
Let a(o) = -7*o - 2*o**3 - 370 + 362 + 8*o**2 + o**3. Let c(l) = -6*l + 1. Let m be c(-1). Determine a(m).
-8
Let q(d) = -4 + 1 + 6 + 5*d. Determine q(-2).
-7
Let d(n) be the second derivative of 0 - 3*n + 1/12*n**4 + 7/2*n**2 - n**3. What is d(5)?
2
Let y(b) = -b - 6. Let k be 4*(14/(-4) + 1). Give y(k).
4
Let i(l) be the first derivative of -23*l**2/2 + 29. What is i(-1)?
23
Let r(o) = -o**2 - 7*o - 2. Let c(z) = -2*z**2 + 3*z + 2. Suppose -w - n = 1, 2*w + 4*n = n - 6. Let x be c(w). Give r(x).
-2
Let s(v) = 5*v + 4. Let q be s(-2). Let b(x) = -x**3 - 6*x**2 - 2*x - 5. What is b(q)?
7
Let k(q) = -q**3 - q. Let d be k(-1). Let f be d/3 - (-4)/3. Let o(a) = -a**2 + 0*a - a - f*a**2. Give o(1).
-4
Let g(t) = 4*t + 7. Let z be g(5). Let o be -3*(-3)/z*-15. Let c(v) = -5*v - 3. Let r(k) = 11*k + 6. Let j(n) = o*c(n) - 2*r(n). Calculate j(-2).
-3
Let q(r) = -5*r**2 - 3*r**2 - 6*r + r**2 + 6*r**2. Determine q(-6).
0
Let u(h) = 3*h**3 - h**2 - h - 1. Suppose -g + 3 = -5*q - 6, 4*q + 4*g + 12 = 0. Let a be -3 - (0 + q)/1. Calculate u(a).
-4
Suppose 7*c - 4*c = -15. Let k(q) = -9*q + 6. Let v(z) = 8*z - 5. Let t(n) = 6*k(n) + 7*v(n). Calculate t(c).
-9
Let o(k) be the second derivative of -k**2/2 + k. Let v(x) = x - 10. Let c(q) = 6*o(q) - v(q). Calculate c(5).
-1
Suppose g + 4*g + 25 = 0. Let s(d) be the second derivative of d**5/20 + d**4/3 - d**3/2 + 5*d**2/2 + 11*d. What is s(g)?
-5
Let w = -27 + 21. Let j(n) = -n**3 - 7*n**2 - 6*n - 4. Determine j(w).
-4
Let n(o) = -o**2 + o - 3. Suppose 0 = 3*u + 2*u. Let f be n(u). Let c(r) be the first derivative of -r**4/4 - r**3 - 3*r - 1. Determine c(f).
-3
Let i(s) be the third derivative of -5*s**4/24 - s**3/6 - 9*s**2. Suppose 7 = 4*d - 3*y, y + 1 = -0. Give i(d).
-6
Let i = 6 + -11. Let j(g) be the second derivative of -g**4/12 - 2*g**3/3 + 2*g**2 - 2*g. Calculate j(i).
-1
Let h = -7 - -3. Let y(l) = l**3 + 3*l**2 - 6*l - 3. What is y(h)?
5
Let l(m) = 23*m + 7. Let v(w) = -12*w - 4. Let a(q) = -3*l(q) - 5*v(q). What is a(1)?
-10
Let g(u) = -u - 20. Let m be g(-18). Let q(c) = 11*c**3 - 3*c**2 - 9*c - 6. Let r(n) = -7*n**3 + 2*n**2 + 6*n + 4. Let f(i) = -5*q(i) - 8*r(i). What is f(m)?
-8
Suppose v = -0*v. Let c(o) = v - 2*o - 3 - 1. Determine c(-4).
4
Let w(d) = -d**2 + 8*d + 5. Let a(m) = -m**3 - 10*m**2 + 9*m - 13. Let y be a(-11). Determine w(y).
-4
Let j(d) be the third derivative of -d**8/6720 - d**7/840 - d**5/60 + d**4/12 + 7*d**2. Let x(y) be the second derivative of j(y). Give x(-3).
-2
Let o(v) = -v + 13. Let x be o(6). Let f(m) = 3 - m - m**2 + 3*m**2 - 2 + x*m**2. Determine f(1).
9
Let t = 4 - 13. Let r = -7 - t. Let c(i) = -i**3 + 3*i**2 - 4*i + 3. Give c(r).
-1
Let h(f) be the second derivative of -f**3/6 - 7*f**2/2 + 24*f. Suppose 3*r + 2*k + 13 = 0, -r + 1 = 2*k - 4*k. What is h(r)?
-4
Let a = 13 - 6. Suppose -2*u = -3*u - a. Let w(t) = -t**3 - 7*t**2 - t - 6. What is w(u)?
1
Let t(a) = 9*a - 17. Let g(w) = -14*w + 25. Let v(r) = 5*g(r) + 8*t(r). Let d be v(5). Let z(b) = -6 + 3 + 4*b + 4. What is z(d)?
-3
Let l = 14 + -24. Let a be (-16)/l + 2/5. Let j(r) = r - 2 - r**a + 0 + 0. Calculate j(0).
-2
Let s(r) = 2 - 11*r - 2 + 0. Let o(g) = -155*g. Let x(t) = -6*o(t) + 85*s(t). What is x(2)?
-10
Suppose 2*j - 36 = -4*u, -3*u + 21 = -2*j - 13. Suppose 0 = z + z + 2*t - u, 4*z + t = 23. Suppose z*l = 3*l. Let v(m) = -m**3 - 6. What is v(l)?
-6
Suppose -2*i - 8 = -0. Suppose 15 = 7*k - 2*k + n, 15 = -3*n. Let g(b) = -b**2 - 2*b - b + k + 0*b**2. What is g(i)?
0
Suppose 0 = 4*f - 0*f - 20. Let q(v) be the first derivative of -v**3/6 - 3*v**2/2 - v - 3. Let j(c) be the first derivative of q(c). Calculate j(f).
-8
Suppose 2*c = -2*c - 8, 18 = -5*o - 4*c. Let f(s) = -s**2 + 5*s - 4. Let p(j) = 2*j**2 - 10*j + 9. Let q(x) = o*p(x) - 5*f(x). Give q(4).
-2
Let k = 1 - 1. Let n(o) = 29*o + 25*o - 55*o + o**2. Calculate n(k).
0
Suppose -4*h - 5*w = 22, 1 + 1 = 2*h - 4*w. Let z(p) = -2*p - 4. Determine z(h).
2
Let q(m) = -2*m + 4. Let v = 26 - 22. Determine q(v).
-4
Let k = 5 + -9. Let q = k + 10. Let s(c) = q + 9*c - 4*c + c**2 + 0*c**2. Calculate s(-4).
2
Let s(q) = 0*q**2 + 2*q**2 + q**3 + 4*q**2 - 3*q**2 - 1. Let p(r) = -r + 8. Let d be p(11). What is s(d)?
-1
Let l(t) = 4*t + 0*t - 2*t**2 + 2*t**3 - 3*t**3 - 1. Let a = -17 - -14. What is l(a)?
-4
Let r(n) = -n**3 - 2*n**2 + n - 3. Let y be r(-3). Let b(p) be the third derivative of -p**2 + 0*p - 1/6*p**3 + 0 + 1/12*p**4. Give b(y).
5
Let o(t) be the second derivative of -7*t**5/20 - t**4/6 + t**3/6 - t. Let f = 12 - 18. Let y be ((-10)/f - 2)*-3. What is o(y)?
-8
Let j(o) = 6*o**2. Suppose 0 = -4*s + 1 + 15. Suppose -5*x + 5*y + 30 = 0, -s - 8 = -5*x -